Let c(w) = w**3 + 36*w**2 + 54*w - 46. What are the prime factors of c(-34)?
2, 5, 43
Let w(f) be the second derivative of 287*f**3/6 + 3*f**2/2 + 2*f. Let n be w(3). What are the prime factors of n/63 + (-4)/(-14)?
2, 7
Let g be (-33)/4 - 3/(-12). Let k = 9 + g. List the prime factors of k/(-2) - 310/(-20).
3, 5
Suppose -a + 4*f = f - 124, 5*a - 4*f - 642 = 0. List the prime factors of a.
2, 5, 13
Let p be -18 - -4*2/4. Let g(u) = -u + 1. What are the prime factors of g(p)?
17
Let k(o) = -o**3 + 22*o**2 - 33*o - 17. List the prime factors of k(18).
5, 137
Let l = -608 + 1080. What are the prime factors of l?
2, 59
Suppose -9*r - 266 = -1085. List the prime factors of r.
7, 13
Suppose -2*s - 15 = -b, -3*b + 15 = -0*b + 4*s. Let p(n) be the second derivative of -n**5/20 + 2*n**4/3 + 2*n**3 + 3*n**2 + n. List the prime factors of p(b).
3, 11
Suppose 5*o = 1 + 9. Let r(k) = 9*k**3 - 3*k**2. Let x be r(o). Suppose m + 20 = 2*m - 2*g, 3*m + g - x = 0. What are the prime factors of m?
2, 5
Suppose -21957 = 46*s - 59*s. What are the prime factors of s?
3, 563
Let r(z) = -3*z**2 - 4 + z**2 + 3*z**2 - 5*z. Let q be 12/(-5)*55/(-22). List the prime factors of r(q).
2
Suppose 2*j + 8 = j + 3*r, -5*j = -2*r - 12. Suppose j*n - 351 = 21. List the prime factors of n.
3, 31
Let m = 2 - -5. Suppose 3*o - 5 = m. Suppose -o*y = -3*y - 16. List the prime factors of y.
2
Let l(u) = 70*u**2 + 16*u - 129. List the prime factors of l(7).
3413
Let m be 114/(-9)*-7*9/6. Let o = m - 48. What are the prime factors of o?
5, 17
Suppose -2*f = 17 - 107. Let a be -9*1*(-12)/4. Suppose a = 4*p - f. List the prime factors of p.
2, 3
Let i = -11 + 14. Suppose i*y - 287 = 67. List the prime factors of y/3 - (-22)/33.
2, 5
Let n = 96 - 33. Suppose 0 = -4*s + 41 + n. List the prime factors of s.
2, 13
Let g be -3 + (1 - -3) - -4. Suppose 6*j = j - g*f, -j + f = -8. Suppose j*d = -20 + 104. List the prime factors of d.
3, 7
List the prime factors of (-5 - 723)/(-4)*(-14)/(-4).
7, 13
Suppose -9*t = -3*t - 924. What are the prime factors of t?
2, 7, 11
Suppose 0 = -3*s - 0 - 12. Let q = 6 + s. Suppose -3*i + q*i = 4*c - 32, -110 = -5*i + 5*c. What are the prime factors of i?
2, 3
Suppose -8*q + 189 + 243 = 0. Let i = q + -80. Let s = i + 58. List the prime factors of s.
2
Suppose 12747 = 3*w + 5*l, -4*w = -88*l + 90*l - 17010. What are the prime factors of w?
2, 3, 709
Let y(f) = 2*f**3 + 8*f**2 - 2*f - 4. Let u be y(-4). Suppose 3*p - u*p - 3*a - 40 = 0, 2*a = -4*p - 120. Let l = 44 + p. What are the prime factors of l?
2
Suppose 204*w - 210*w + 858 = 0. What are the prime factors of w?
11, 13
Suppose 182*p - 2490 = 179*p. List the prime factors of p.
2, 5, 83
Let g(d) = 2*d - d + 5*d - 4*d - d**2. Let r be g(2). Suppose -b - 3*b + 72 = r. List the prime factors of b.
2, 3
Suppose -2 - 1 = -w. Suppose -4*y + 666 = 2*t, 143 = w*y - t - 354. What are the prime factors of y?
2, 83
Let b = 918 - 603. List the prime factors of b.
3, 5, 7
What are the prime factors of ((-155)/(-10))/((-3)/(-390))?
5, 13, 31
Suppose -912 = -12*u + 6*u. What are the prime factors of u?
2, 19
Let n be 10/15*(-3)/(-2). Suppose 3*i + 3*o + 6 = 0, -2*o = -o + n. Let t(g) = 56*g**2 - g. List the prime factors of t(i).
3, 19
Let l be (-21)/(-1) + 9*3/9. Suppose -66 - l = -3*h. What are the prime factors of h?
2, 3, 5
Suppose -43008 = -2346*l + 2338*l. What are the prime factors of l?
2, 3, 7
Let r(m) = 18*m - 15. Let g be r(9). Let c be (-3)/(1 + 291/(-300)). Let z = c + g. What are the prime factors of z?
47
Let s = 855 - -3066. List the prime factors of s.
3, 1307
Suppose -3*q - 6 = -5*q. Suppose -v = -4*y - 0*y + q, 2*v = 10. List the prime factors of 2 + (y - (-33 + 3)).
2, 17
Suppose 496 = 3*s - 4*k, -4*s - 8*k + 10*k = -668. What are the prime factors of s?
2, 3, 7
Let v(f) = 27*f**2 - 11*f + 15. What are the prime factors of v(-6)?
3, 13
Suppose -15*n - 300 = -18*n + 5*q, -4*n - q + 423 = 0. List the prime factors of n.
3, 5, 7
What are the prime factors of ((-13884)/208)/(((-6)/304)/1)?
2, 19, 89
Suppose -m - 2 = -8. Let y = m + -3. Suppose -3*g - 4*n + 16 = 0, -y*g = n + 2*n - 18. What are the prime factors of g?
2
List the prime factors of 6/(-9) - 8664/(-36).
2, 3, 5
Let k = -772 + 1096. What are the prime factors of k?
2, 3
Let n = 2018 + -1213. Suppose -o = 3*k - 466, -2*k + 7*k - 4*o - n = 0. List the prime factors of k.
157
Suppose 0 = 5*k, -j = -0*j - 3*k + 4. Let p = j + 8. Suppose -47 = -5*g - p*y + 7, g - 3*y = 26. What are the prime factors of g?
2, 7
Suppose 2*y - 4*f = 138, -f - 2*f = y - 64. Let q = y - -69. Suppose 3*i - 85 = 2*d, 0 = -0*i + 4*i + 3*d - q. List the prime factors of i.
31
List the prime factors of (-2)/(-4) - (-6 + (-2205)/14).
2, 41
Suppose 9*i - 4*b = 6*i - 21, -b = -4*i - 15. Let g be (24/i)/4 - 64. List the prime factors of (-664)/(-22) - (-12)/g.
2, 3, 5
Suppose 4 = -3*y + 7*y. Let l(v) = 51*v**2 + 3*v - 1. List the prime factors of l(y).
53
Let f be -934*(-6)/(-8)*22/(-33). Suppose 3*s = 136 + f. What are the prime factors of s?
3, 67
Let b(d) = 70*d + 544. List the prime factors of b(18).
2, 11, 41
Let o be (-10)/1*(-1)/2. Let b(l) be the third derivative of l**4/8 + l**3/3 - 118*l**2. What are the prime factors of b(o)?
17
Let z(m) = -7*m - m + m + m + 8 - m**2. Let i be z(-8). List the prime factors of i/6*(-15)/2.
2, 5
List the prime factors of 2/((-6)/(-9)) + -3 + 1580.
2, 5, 79
Suppose 0 = 3*v - 5*v. Suppose v*l - 81 = -3*l. Suppose 3*j + l = 3*u, 0 = -u + 4*j + 12. What are the prime factors of u?
2
Let i = -4055 + 6022. What are the prime factors of i?
7, 281
Suppose 4*x + 4325 = p, -3*x - 1330 - 7330 = -2*p. List the prime factors of p.
7, 619
Suppose 2*o + 97 = 3*t, -3*o + 1 + 55 = 2*t. Suppose -2*l = 0, 2*l - t = -2*s - 11. What are the prime factors of s?
2, 5
Let i be (-2)/(-2)*-1*0. Let a be 8 + (1 - -1) + -6. Suppose -a*t + i = -16. What are the prime factors of t?
2
Suppose -4*r + 12 = -r. Suppose -w = -r + 3. Suppose -5 + w = f, -2*f + 66 = 2*j. What are the prime factors of j?
37
Let z = -70 - -39. Let j = z + 37. List the prime factors of j.
2, 3
Suppose 4*u - 5*z + 1107 = 0, 0*u + 5*z - 1390 = 5*u. Let k = 397 + u. List the prime factors of k.
2, 3, 19
Let h(g) = g**3 + 25*g**2 + 34*g + 39. List the prime factors of h(-23).
3, 5, 7
Suppose -4*v - d = -2181, 0 = 5*d - 1 - 24. List the prime factors of v.
2, 17
What are the prime factors of -1*2 - 8624/(-15 - -4)?
2, 17, 23
Suppose 8316 = 5*s + d, -5*s - 7*d = -3*d - 8304. What are the prime factors of s?
2, 13
Let d(k) = k**3 - 6*k**2 + 3*k + 5. Let f(q) = q + 13. Let o be f(-5). What are the prime factors of d(o)?
157
List the prime factors of (-1 - (-1 - 3)) + 2113 - 1.
3, 5, 47
Let b = -71 - -74. Suppose b*n + 4*n = 287. What are the prime factors of n?
41
Let v = -464 - -794. List the prime factors of v.
2, 3, 5, 11
Let j(z) = z**2 + 10*z + 29. List the prime factors of j(17).
2, 61
Let n be (-9)/(-6) - (-1)/2 - 2. Suppose -4*r + 394 + 50 = -4*l, n = 5*r - 2*l - 540. What are the prime factors of r?
2, 53
Let o be (1 + -2 - -1) + 3. Let d(g) = g**o - 9 + g**3 + 3*g - g**3 - 2*g**2 - 5*g**2. List the prime factors of d(7).
2, 3
Let m be -18 - -2 - (-10 - -10). Let d = -1 - -8. Let x = d - m. What are the prime factors of x?
23
Suppose -3 = 4*a - 15. Suppose -5*g = -a*h - h + 139, -3*h + 2*g + 106 = 0. Suppose 4*p + 5*d = 84, -4*d = 4*p - 2*p - h. What are the prime factors of p?
2, 13
Let k(v) = -v**3 + 9*v**2 + 11*v - 14. Let h be k(10). What are the prime factors of h/(-36) - (-340)/18?
19
Suppose -77*q = -73*q - 5184. What are the prime factors of q?
2, 3
Suppose 2*w - 67 - 47 = 0. Suppose 0 = f + 4*y - w, -2*f + y - 79 = -4*f. Suppose -3*h + 4*h = f. What are the prime factors of h?
37
Suppose 2*a + 0 = 6, 0 = -3*f + 2*a + 18. Let w = 14 - f. Suppose -2*j = -w - 12. What are the prime factors of j?
3
Let h = -337 + 192. Let v = 281 + h. List the prime factors of v.
2, 17
Suppose -7*b - 7 = -259. Suppose -y = 3*h + 4*y - 108, h - 3*y = b. List the prime factors of h.
2, 3
Suppose -4*n - 100 = 5*q, 2*n = 2*q + q - 28. Let a be (6 + n)/(-2 - -1). Let w = 6 + a. What are the prime factors of w?
2, 5
Let g be (-40)/50*10/4. Let d be 6*-17 + g + 3. What are the prime factors of (-4)/(-12) - d